 remainder when k is divided by 65?
60
Let u(r) = -r**2 - 4*r + 5. Suppose 2*l - 4 + 12 = 0. Let k = 181 - 164. Calculate the remainder when k is divided by u(l).
2
Suppose -5*i - 310 = -3*x - 70, -i = 0. What is the remainder when x is divided by 14?
10
Suppose -3*u + 0*n - 4*n + 2 = 0, 3 = -u - 5*n. Let l = 20 - u. Calculate the remainder when l is divided by 5.
3
Let g be ((7 + -4)/(-3))/(1/6). Let s = g + 14. What is the remainder when 23 is divided by s?
7
Let k be (-4)/18 - (-61)/(-9). Let q = k - -15. What is the remainder when 15 is divided by q?
7
Let b = 40 + -15. Let j(f) = 2*f**2 - 47*f - 50. What is the remainder when j(b) is divided by 12?
1
Suppose -15*t + 8*t = -14. Let d(c) = -c + 7. Let g be d(0). Suppose 3*v = g*i - t*i - 98, 0 = -5*v + 20. Calculate the remainder when 87 is divided by i.
21
Let l be (1/3*-5)/(2/(-6)). Suppose 32 = z + l. Let b(s) = -s**3 - 4*s**2 + 2*s - 5. What is the remainder when z is divided by b(-5)?
7
What is the remainder when 124 is divided by (-119)/34*(288/(-21) - -4)?
22
Suppose f = -5*b + 937, 6*b - 11*b = -5*f - 925. Calculate the remainder when b is divided by 47.
46
Suppose 33*o - 31*o - 800 = 0. What is the remainder when o is divided by 13?
10
Let c = 21 - 15. Suppose 0 = 4*q + o - 9, c*q - 2*o = q + 21. Suppose -q*n + 156 = -v, 3*v - 131 = -2*n - 38. What is the remainder when n is divided by 11?
7
Let h(u) = -7*u + 14. Let q be h(6). Let t = q + 31. Suppose -2*d = -t*n + 7*n - 42, -3*d - 3*n + 60 = 0. Calculate the remainder when d is divided by 5.
4
Suppose 0 = k - j - 154, j + 18 = 17. Calculate the remainder when k is divided by 13.
10
Suppose 5*h - 1214 - 2191 = 0. What is the remainder when h is divided by 76?
73
Let m(l) = -41*l**2 - 89*l - 3. Calculate the remainder when 48 is divided by m(-2).
4
Suppose 0 = -3*r + 16 - 7, 4*r - 204 = -4*d. Suppose 0*g + d = 3*g. Calculate the remainder when 29 is divided by g.
13
Let w(k) = -2*k**3 - k**2 - 5*k - 5. Suppose 0 = -12*n + 14*n + 4. What is the remainder when w(n) is divided by (-86)/(-10) - (-8)/20?
8
Let m(z) = 4 + 2*z + 335*z**2 - 334*z**2 - 8*z - 2*z**3. What is the remainder when m(-5) is divided by 52?
49
Suppose -v + 5 = -27. Suppose -8 - 12 = -4*j. Suppose -67 = -j*k - 12. What is the remainder when v is divided by k?
10
Let p(l) = 6*l - 18. Let d(o) = 7*o - 19. Let u(t) = -4*d(t) + 5*p(t). Calculate the remainder when 94 is divided by u(15).
14
Suppose -180*q + 72 = -176*q. Calculate the remainder when 89 is divided by q.
17
What is the remainder when 168 is divided by (-10 - -18)*(-204)/(-32)?
15
Let d(k) = -8*k - 2. Let a = 133 + -17. What is the remainder when a is divided by d(-4)?
26
Let c = -255 - -257. Calculate the remainder when 127 is divided by c.
1
Let x be (4 + -4 - -99)*(-2)/(-6). Suppose -3*n + x = -5*m, 4*n - 2*m - 44 = -0*n. What is the remainder when 42 is divided by n?
9
Let k(v) = 2*v**3 + 72*v**2 + v + 45. Calculate the remainder when 40 is divided by k(-36).
4
Let n = -11 + 13. Calculate the remainder when -2 + -1*(-84 - n) is divided by (-4 - 2) + 5 + 30.
26
Calculate the remainder when 455 is divided by (-38)/(-9)*774/43.
75
Let s(z) = 9*z**2 + z + 2. What is the remainder when 11*11/(-242)*-142 is divided by s(-2)?
35
Suppose -3*l + 20 = 2*l. Calculate the remainder when 88 is divided by (-5 - -8)/(l/40).
28
Let a(x) = 35*x. Suppose 15*j - 3 = 132. Calculate the remainder when a(1) is divided by j.
8
Suppose 1 + 3 = h. Suppose 3*n = 4*m - 91, -h*n - 97 = -3*m - 27. What is the remainder when m is divided by 6?
4
What is the remainder when 19 is divided by 8/(-72) - (-192)/27?
5
Let g(h) = h**3 - 45*h**2 + 31. What is the remainder when 183 is divided by g(45)?
28
Suppose -22*p + 264 = -10*p. Calculate the remainder when 39 is divided by p.
17
Suppose 4*m - 28 = -2*q + 4, 52 = 2*m - 5*q. Let z = 81 - 45. Calculate the remainder when z is divided by m.
3
Let f(x) = -10*x + 33. Calculate the remainder when f(-6) is divided by 32.
29
Suppose -6*k = -5*k + 47. Let m = k + 61. What is the remainder when 25 is divided by m?
11
Calculate the remainder when -2 - (3 + -5) - -87 is divided by 6/(-4) + 2883/62.
42
Calculate the remainder when (-2)/(-16) + 153361/376 is divided by 41.
39
Let r = -1052 + 1763. Calculate the remainder when r is divided by 14.
11
Let h = 55 - 53. Suppose 4*v - 62 - 36 = -h*u, 0 = u - 3. Calculate the remainder when v is divided by 8.
7
Let v = -664 - -471. Let b = v + 333. Calculate the remainder when b is divided by 16.
12
Let y = 1962 + -1946. Suppose 0 = w - 3, -3*f - w + 134 + 193 = 0. What is the remainder when f is divided by y?
12
Let y(s) = -s**3 - 7*s**2 - s - 17. Suppose 2*j = -3*j + 70. What is the remainder when y(-8) is divided by j?
13
Let r = 876 + -862. Calculate the remainder when 133 is divided by r.
7
Let b be -1 - (4 + 1 - 2). Let f = 0 - 2. Calculate the remainder when (b/(-4) - f) + 24 is divided by 14.
13
Let j = -12 + 18. Let g(t) = -t**3 - 15*t**2 - 15*t - 13. Calculate the remainder when j is divided by g(-14).
0
What is the remainder when 12/18 + 136/12 is divided by 7?
5
Let w(o) = -7*o - 6. Let x(h) = -h**2 - 4*h - 2. Let u be x(-5). Let s = u + 0. What is the remainder when w(s) is divided by 15?
13
Let t(q) = -q + 25. Let h(j) = j**2 - 6*j + 10. Calculate the remainder when h(8) is divided by t(11).
12
Let v = -7 + 7. Suppose v = -2*a + w - 16, 4*a - 5*w = -0*w - 32. Let s = 3 - a. Calculate the remainder when 21 is divided by s.
10
Let r(m) = 11*m**2 + 2*m + 11. What is the remainder when r(-6) is divided by 44?
43
Suppose -85 = -t + o - 43, 0 = 4*o + 12. What is the remainder when t is divided by 2/(-3) + (-62)/(-3)?
19
Suppose 5*t - 18 = 3*y, -3*y = y - 16. Suppose 0 = -62*s + 67*s - 20. Let m(o) = -o**3 + 4*o**2 + 5*o - 3. What is the remainder when m(s) is divided by t?
5
Suppose 15*u = -2*x + 11*u + 56, u = -3*x + 59. What is the remainder when 339 is divided by x?
15
Let n be 118*2/(5 + -3). Let v = n + -35. Suppose -4*t = 2*l - 48, -4*l + t + 4*t + v = 0. What is the remainder when 63 is divided by l?
19
Suppose -5*a - 100 = -150. What is the remainder when 39 is divided by a?
9
Let i(v) = -5*v - 3. Suppose 5*y = -25 + 5. Let a(z) = 2*z**2 + 5*z - 3. What is the remainder when i(-4) is divided by a(y)?
8
Let n(u) = u**3 - 20*u**2 + 20*u + 26. Suppose -v - 2*g + 29 = 0, 5*v - 5*g = 94 - 24. Let f = 37 + -21. What is the remainder when n(v) is divided by f?
13
Let x(h) = -3*h + h + 21 + h + 4*h. Calculate the remainder when 38 is divided by x(0).
17
Let q(h) = -8*h**3 - 2*h**2 + 7*h + 5. Calculate the remainder when 225 is divided by q(-2).
37
Calculate the remainder when 231 is divided by (-310)/(-5) - (-15)/5.
36
Let i = 6 - 4. Suppose 5*j = -s + 89, j + 2*j - 43 = i*s. Let m = j - 11. What is the remainder when 21 is divided by m?
3
Suppose -5*y = -97 - 438. Suppose 2*b = y + 7. What is the remainder when b is divided by 30?
27
Let q(z) = 3*z**2 - 6*z - 2. Let l be q(-7). Suppose 7*p - 2 = l. Calculate the remainder when 160 is divided by p.
25
Let h = 199 + -907. What is the remainder when (-3 - 0)*h/36 is divided by 7?
3
Suppose 5*x + 6 = 4*x. Let f(d) = -32*d - 13. Calculate the remainder when f(x) is divided by 45.
44
Let p be (-5)/(-3) - 20/(-15). Suppose 89 - 53 = p*a. Suppose -235 = -s - 4*s. Calculate the remainder when s is divided by a.
11
Let i(o) = -121*o - 1. What is the remainder when i(-2) is divided by ((-957)/(-116))/((-6)/(-16))?
21
Let v be ((-27)/15 - -3)*25. Suppose 31 = j - v. Let n(l) = -l + 7. What is the remainder when j is divided by n(-9)?
13
Calculate the remainder when 44 is divided by -52*(-3)/12 + 0.
5
Suppose -11*b + 873 - 125 = 0. Suppose -56 = -0*s - 4*s. Calculate the remainder when b is divided by s.
12
Let t(y) = 5*y - 7. Let n(g) = -g**3 + 6*g**2 + 2*g + 1. Calculate the remainder when t(6) is divided by n(6).
10
Suppose 143 = 5*a - j - 93, -3*a - j + 140 = 0. Suppose 69 - 23 = 5*d - 4*l, 0 = 5*d - 3*l - a. Calculate the remainder when d is divided by 4/(-22) + 105/33.
1
Suppose 22*m - 70 + 4 = 0. Calculate the remainder when 28 is divided by m.
1
Let v(a) = -40*a + 54. What is the remainder when v(-3) is divided by 5?
4
Suppose -7*h + 4*h + 33 = 0. Let t(c) = c + 28. What is the remainder when t(-7) 